me factors of c(h).
2, 3
Let v = -14 - -21. Suppose -q + 4 + v = 0. Let j = -4 + q. List the prime factors of j.
7
Let h = 14 + 14. Suppose -5*b + 2*s + 39 = 0, -5*b - s + 5 + h = 0. Let j(x) = -x**3 + 6*x**2 + 6*x + 10. List the prime factors of j(b).
3
Suppose 2*c = c + 40. What are the prime factors of c?
2, 5
Suppose 4*v + 7 = -33. Suppose 2*r = -2*b + 30, -3*b + 3*r = -b - 40. Let j = b + v. List the prime factors of j.
7
Suppose -3*a - 5 = 2*v, v + a = 3*v - 7. Suppose -v*f - 2 = -16. What are the prime factors of f?
7
Suppose -5*d - b = -19, -3*b + 6 = 2*d - b. List the prime factors of (2/d)/((-4)/(-96)).
2, 3
Let x = -8 + 28. List the prime factors of 2/(-8) + 145/x.
7
What are the prime factors of 4/6 - (-102)/9?
2, 3
Suppose 0 = -3*s + 390 + 582. What are the prime factors of s?
2, 3
Let y(z) = -z - 5. Let s be y(-5). List the prime factors of (-1)/((-3)/(57 - s)).
19
List the prime factors of (-12)/9*(-75)/10.
2, 5
Let l(t) be the second derivative of 1/20*t**5 + 2/3*t**4 + 0 - 3/2*t**2 + 4*t - 1/2*t**3. List the prime factors of l(-8).
3, 7
Let s(n) = 3*n**3 - 2*n**2 - 3*n + 3. Suppose 2*v + 5*f - 11 = 4*v, 0 = 2*v + 3*f - 13. List the prime factors of s(v).
13
Suppose -2*z + 6 = -2. What are the prime factors of z + -7 + (0 - -13)?
2, 5
Suppose 0 = -h + 3 + 2. Suppose -s = 2*s, h*s - 30 = -3*d. List the prime factors of d.
2, 5
Let f be (4/(-6))/(10/(-165)). Suppose 3*n = -x, 0 = 2*x - 2*n - f - 21. What are the prime factors of x?
2, 3
Let i(f) = 12*f - 3. Let b = -2 - -4. Let n be i(b). Suppose -15 = -3*y + n. List the prime factors of y.
2, 3
Let l(a) = -5*a - 3. Suppose 4*b - 2*h + 24 = 0, 2*h = 6*h - 8. What are the prime factors of l(b)?
2, 11
Let y(m) = -m**3 - 7*m**2 - 7*m + 2. List the prime factors of y(-6).
2
Suppose -12 = 4*s - 168. Let i = 26 - s. What are the prime factors of -2 + (-2)/(2/i)?
11
Let h = 40 - 35. Let j be (8/6)/((-4)/(-30)). Suppose -4*q = -2*x + j, 0 = -h*x - 2*q - q + 51. List the prime factors of x.
3
Let w(a) = 26*a**2 - 2. What are the prime factors of w(-2)?
2, 3, 17
Suppose 0 = -2*g + 6. Suppose -g*o = -0*o - 15. Suppose 4*k - o*p - 16 = 0, -2*k = 3*k + 3*p - 57. What are the prime factors of k?
3
Suppose 5*v - 46 - 79 = 0. List the prime factors of v.
5
Let g be (-2 + 2)/(-1) - -4. Let p = g + 0. Suppose 2*k = 5*n - 40, 8 = p*n + 4*k - 24. What are the prime factors of n?
2
Let w(a) = 18*a**2 + 3*a - 3. List the prime factors of w(3).
2, 3, 7
Let o = -74 - -154. List the prime factors of o.
2, 5
What are the prime factors of (-6)/24 + 1698/8?
2, 53
Let w(y) be the second derivative of y**4/12 + 2*y**3/3 + 3*y**2/2 + 2*y. Let p be w(-4). Suppose p*z + 9 - 45 = 0. List the prime factors of z.
2, 3
Suppose x = -0*x + 5*q + 25, 3*q = -4*x + 100. Suppose f - x + 6 = 0. List the prime factors of f.
19
Let u be (-2 + -1)*(-6)/(-2). Let t = 13 + u. Suppose t*m - 2*m = j + 23, 54 = 5*m + j. What are the prime factors of m?
11
Let n = -6 + 6. Let v = -6 - n. Let c(b) = -b**3 - 5*b**2 + 4*b - 2. What are the prime factors of c(v)?
2, 5
Suppose -2*f = 3*f - 160. List the prime factors of f.
2
Let o = 73 + -19. What are the prime factors of o?
2, 3
Let v(h) = h - 2. Let b be v(2). Suppose b = -d - 3*d + 60. Suppose -z + d = 5. What are the prime factors of z?
2, 5
Suppose 0 = l - 4 - 0. Suppose -l*q - 3*c = c - 28, c = -2*q + 12. List the prime factors of q.
5
Let u = 0 + 2. Let o = -4 + u. What are the prime factors of 3/((-3)/o) - -3?
5
Suppose -3*k + 15 = 2*k. Let c be (-1)/(k/(-174)) - -2. Suppose -3*w - 27 = -2*p - 2*w, 3*p + 5*w - c = 0. List the prime factors of p.
3, 5
Suppose 5*j + k - 75 = 0, -5*k + 3*k = 2*j - 38. Suppose m + 24 = 5*a - j, 2*m = 2*a - 20. What are the prime factors of a?
7
Suppose p + 4*p = 325. What are the prime factors of p?
5, 13
Let c(w) = w**3 + 5*w**2 + w - 3. Let d be c(-4). What are the prime factors of 104/6 - 3/d?
17
Suppose 0 = -5*t + 3*f + 213, -5*t + t + 4*f + 172 = 0. What are the prime factors of (8/(-12))/((-2)/t)?
2, 7
Let x = 2 - -1. Suppose -n + x = -14. What are the prime factors of n?
17
Let l = 79 + -51. List the prime factors of l.
2, 7
Let l = -5 - 1. Let h(i) = -3*i - 8. Let f be h(-6). List the prime factors of (-18)/f*20/l.
2, 3
Suppose 39 = -4*a + 5*a - 5*v, 0 = 5*a - v - 219. What are the prime factors of a?
2, 11
Let z be 16/60*9*-5. Let y = 16 + z. List the prime factors of y.
2
Let c(t) = t**2. Let z be c(-1). Suppose 4*d - 4*f = -4, d - 5*f = -2*d + z. List the prime factors of (0 + d)*(-14)/3.
2, 7
Suppose -2*x = -127 + 21. What are the prime factors of x?
53
Let m be 9/4 + 1/(-4). Suppose -m*i + 1 = -7. What are the prime factors of i?
2
Let r = 0 - -2. Let x be (2 - (-2 - -4))/r. Suppose x = -9*y + 4*y + 25. What are the prime factors of y?
5
Let k(l) = -l**3 - l**2 - 2. Let j be k(-2). Let q(w) = 6*w + 1. List the prime factors of q(j).
13
Suppose -g = g - 50. Let x = 36 - g. List the prime factors of x.
11
Let b(p) = p**3 - 9*p + 5. List the prime factors of b(5).
5, 17
Let f(d) = d**2 - 5. Let m be f(0). Let l be m*(2 - (-26)/(-10)). Suppose l*u + 56 = 7*u. What are the prime factors of u?
2, 7
Suppose s + 8 = -3*s. Let g = 0 - s. What are the prime factors of (0 + g)*(-6)/(-4)?
3
Let k(s) = s**3 - 12*s**2 - 9*s + 19. What are the prime factors of k(14)?
3, 5, 19
Let q be ((-39)/2)/(3/(-6)). Suppose s = 11 + q. List the prime factors of s.
2, 5
Let d(j) = j**3 + 4*j**2 - 2*j - 4. Let t be d(-4). Suppose 0 = -m + 4*o - 0*o + 31, -2*o = -t*m + 68. What are the prime factors of m?
3, 5
List the prime factors of (12/9)/4*(-12)/(-2).
2
Suppose 4*t = t + 3*o - 3, t + 3*o = -21. Let f(a) = 4*a + 8. Let s be f(t). Let l = -7 - s. List the prime factors of l.
3
Suppose 2*o + 10 = -40. What are the prime factors of (-137)/(-5) + 10/o?
3
Let p(j) = j**2 + j - 2. Suppose -6*l + 12 = -w - l, 3*w - 3*l = 0. List the prime factors of p(w).
2, 5
Suppose 5*h - 2*u - 217 - 50 = 0, -3*h + 156 = 3*u. Suppose h = 5*n - 7. List the prime factors of n.
2, 3
Suppose 4*a - 20 = 4*t, a + 4 = 5*a + 4*t. Let y(l) = -5*l + 3*l**2 - 2*l**2 - l**3 + 2 + 4*l**2. List the prime factors of y(a).
5
Suppose u - 3 = -2*u. List the prime factors of (2/u)/(2/23).
23
Suppose i - 4*i - z + 12 = 0, -5*i - 3*z + 20 = 0. Let c be (-28)/(-3) + i/6. Let f = c - 5. What are the prime factors of f?
5
Let o be 1 + 0 + (1 - -6). Let f(b) = -b**3 + 6*b**2 + 10*b - 7. Let t be f(7). Let c = t - o. What are the prime factors of c?
2, 3
Let v be (-2 + 24/10)*-5. Let t = v - -5. What are the prime factors of t?
3
Let a(r) = r + 6. Let f = -6 - 0. Let i be a(f). Suppose 0 = h - 3 - i, -2*z + 3*h + 5 = 0. List the prime factors of z.
7
Let k(j) = 4*j + 4. Let s be k(4). Suppose -2*c + 19 = -0*c - 5*g, -2*g = 6. Suppose d - s = -2*h, c*h = -0*h + 4*d + 20. List the prime factors of h.
2, 5
Let j = 154 - 70. List the prime factors of j.
2, 3, 7
Let t(u) = u**3 - 3*u**2 - 3*u + 5. Let h be (-8)/(-44) - 128/(-22). Suppose 4*a - 10 - h = 0. List the prime factors of t(a).
3
Suppose 0 = -8*i - 4*i + 288. What are the prime factors of i?
2, 3
Suppose 3*t + 101 = q, 2*t - 4*t = -10. What are the prime factors of q?
2, 29
Let z(f) = 9*f + 2. List the prime factors of z(2).
2, 5
Let k(o) = -2*o - 14. Let y be k(-9). Suppose y*s - 132 - 20 = 0. List the prime factors of s.
2, 19
Suppose 2*p - i = 143, -47 = -3*p + 5*i + 185. What are the prime factors of p?
3, 23
Let v = -8 + 10. Let p(s) = 4*s**3 - 2*s**2 - 2*s + 2. List the prime factors of p(v).
2, 11
Suppose -b + 5*z = -36, 7 = -3*z + 1. What are the prime factors of b?
2, 13
Let u(g) = 3*g**2 + 0*g - 12 + 13 - g - g**3. Let q be u(2). Suppose 3*b = 7*b + q*p - 13, 3*b - 5*p - 46 = 0. What are the prime factors of b?
7
Let s(o) = o**3 + 18*o**2 + 18*o + 17. Let z be s(-17). Suppose 5*h - h - 200 = z. List the prime factors of h.
2, 5
Suppose 0*p = -5*p + 4*c + 1810, p - 378 = 4*c. List the prime factors of p.
2, 179
Let s(a) = -a**3 - 4*a**2 + 2*a + 5. Let z be s(-4). Let y be (-5 - -1)/(z/12). Suppose 4*x = -0*x + y. List the prime factors of x.
2
What are the prime factors of (-240)/(-7) + (-4)/14?
2, 17
Let x(h) = h**3 + 4*h**2 - h - 13. List the prime factors of x(4).
3, 37
Let y(x) = 8*x**2 - 8*x - 12. List the prime factors of y(7).
2, 3
Su